{"id":68,"date":"2018-06-16T19:44:28","date_gmt":"2018-06-16T17:44:28","guid":{"rendered":"http:\/\/aikido.tigerpages.de\/?page_id=68"},"modified":"2024-03-18T18:44:32","modified_gmt":"2024-03-18T17:44:32","slug":"training","status":"publish","type":"page","link":"http:\/\/aikido-braunschweig.de\/?page_id=68","title":{"rendered":"Training"},"content":{"rendered":"<p><strong>Trainingszeiten:<\/strong><\/p>\n<table border=\"1\">\n<tbody>\n<tr>\n<td>Montag:<\/td>\n<td>18:30 \u2013 20:00 Uhr<\/td>\n<\/tr>\n<tr>\n<td>Mittwoch<\/td>\n<td>19:00 \u2013 20:30<\/td>\n<\/tr>\n<tr>\n<td><\/td>\n<td><\/td>\n<\/tr>\n<\/tbody>\n<\/table>\n<p>Im Dojo des MTV Braunschweig an der Roten Wiese<br \/>\n938124 Braunschweig<br \/>\n(Bushaltestelle Schefflerstra\u00dfe)<\/p>\n<p><strong>Mitmachen<\/strong>? Probetrainierende und G\u00e4ste sind uns jederzeit willkommen! Wer hat, bringt einen Gi mit, lockere Sportkleidung ist nat\u00fcrlich auch v\u00f6llig ok. Wir trainieren barfu\u00df. Socken oder Mattenschuhe sind nat\u00fcrlich auch erlaubt. Kommt einfach vorbei oder meldet euch unter Info@Aikido-Braunschweig.de, falls es noch Fragen gibt oder ihr sichergehen wollt, dass das Training auch stattfindet.<\/p>\n<p>Ihr k\u00f6nnt euch auch den Google-Kalender mit den Trainingsterminen einbinden, der Freigabelink ist:<br \/>\nhttps:\/\/calendar.google.com\/calendar\/u\/0?cid=MjgxYzlhN2gxaWRyaXJpZWVvcTJscXNkYWtAZ3JvdXAuY2FsZW5kYXIuZ29vZ2xlLmNvbQ<\/p>\n","protected":false},"excerpt":{"rendered":"<p>Trainingszeiten: Montag: 18:30 \u2013 20:00 Uhr Mittwoch 19:00 \u2013 20:30 Im Dojo des MTV Braunschweig an der Roten Wiese 938124 Braunschweig (Bushaltestelle Schefflerstra\u00dfe) Mitmachen? Probetrainierende und G\u00e4ste sind uns jederzeit willkommen! Wer hat, bringt einen Gi mit, lockere Sportkleidung ist nat\u00fcrlich auch v\u00f6llig ok. Wir trainieren barfu\u00df. Socken oder Mattenschuhe sind nat\u00fcrlich auch erlaubt. Kommt [&hellip;]<\/p>\n","protected":false},"author":1,"featured_media":111,"parent":0,"menu_order":0,"comment_status":"closed","ping_status":"closed","template":"","meta":{"footnotes":""},"class_list":["post-68","page","type-page","status-publish","has-post-thumbnail","hentry"],"_links":{"self":[{"href":"http:\/\/aikido-braunschweig.de\/index.php?rest_route=\/wp\/v2\/pages\/68","targetHints":{"allow":["GET"]}}],"collection":[{"href":"http:\/\/aikido-braunschweig.de\/index.php?rest_route=\/wp\/v2\/pages"}],"about":[{"href":"http:\/\/aikido-braunschweig.de\/index.php?rest_route=\/wp\/v2\/types\/page"}],"author":[{"embeddable":true,"href":"http:\/\/aikido-braunschweig.de\/index.php?rest_route=\/wp\/v2\/users\/1"}],"replies":[{"embeddable":true,"href":"http:\/\/aikido-braunschweig.de\/index.php?rest_route=%2Fwp%2Fv2%2Fcomments&post=68"}],"version-history":[{"count":5,"href":"http:\/\/aikido-braunschweig.de\/index.php?rest_route=\/wp\/v2\/pages\/68\/revisions"}],"predecessor-version":[{"id":332,"href":"http:\/\/aikido-braunschweig.de\/index.php?rest_route=\/wp\/v2\/pages\/68\/revisions\/332"}],"wp:featuredmedia":[{"embeddable":true,"href":"http:\/\/aikido-braunschweig.de\/index.php?rest_route=\/wp\/v2\/media\/111"}],"wp:attachment":[{"href":"http:\/\/aikido-braunschweig.de\/index.php?rest_route=%2Fwp%2Fv2%2Fmedia&parent=68"}],"curies":[{"name":"wp","href":"https:\/\/api.w.org\/{rel}","templated":true}]}}